{"id":4,"date":"2012-05-30T21:51:22","date_gmt":"2012-05-30T21:51:22","guid":{"rendered":"http:\/\/zachconsulting.ch\/wordpress\/?page_id=4"},"modified":"2017-10-09T20:34:04","modified_gmt":"2017-10-09T20:34:04","slug":"dienstleistungen","status":"publish","type":"page","link":"https:\/\/zachconsulting.ch\/?page_id=4","title":{"rendered":"Dienstleistungen"},"content":{"rendered":"<div>\n<p>Schwerpunkte meiner Dienstleistungen:<\/p>\n<\/div>\n<h1>Akustik und Ersch\u00fctterungen:<\/h1>\n<ul>\n<li><a href=\"http:\/\/zachconsulting.ch\/?page_id=120\"> akustische Messungen<\/a> mit geeichten Messger\u00e4ten der Klasse 1, Schallpegel LN, LEQ, Schallintensit\u00e4t,<\/li>\n<li>Frequenzanalysen, Schallquellenortung, Schallisolations-, Schallabsorptionsmessungen<\/li>\n<li>Modellierungen, Berechnungen und Beurteilungen von Emissionen und Immissionen.<\/li>\n<li>Entwicklung, Projektierung und Realisierung von Schutzmassnahmen<\/li>\n<\/ul>\n<h1>Bauingenieurwesen:<\/h1>\n<ul>\n<li>Statik (Beton-, Stahl- und Holzbau), Verkehrswesen, Ortsplanung, UVP, Baugesuche.<\/li>\n<li>Projektierungen, Bauleitungen, Submissionen, Baubegleitungen, Beratungen, Gutachten.<\/li>\n<\/ul>\n<h1>Design<\/h1>\n<ul>\n<li>CAD-Entw\u00fcrfe<\/li>\n<li>3D-Druck mit UltiMaker-Printer, zB. <a href=\"https:\/\/zachconsulting.ch\/wp-content\/uploads\/2017\/10\/7ZollTouchScreenBoxPI.pdf\">7ZollTouchScreenBoxPI<\/a><\/li>\n<li>Laser Schneiden und Gravieren, zB. <a href=\"https:\/\/zachconsulting.ch\/wp-content\/uploads\/2017\/10\/St\u00e4nder-f\u00fcr-RaspberryPI.pdf\">St\u00e4nder f\u00fcr RaspberryPI<\/a><\/li>\n<\/ul>\n<h1>Projektmanagement:<\/h1>\n<ul>\n<li>Prozessanalysen und Optimierungen, Ausarbeitung von Alternativl\u00f6sungen.<\/li>\n<li>Events- und Workshop-Organisation.<\/li>\n<\/ul>\n<h1>Informatik:<\/h1>\n<ul>\n<li>Programmieren von Visual Basic-, Delfi-, .NET- und OfficeApplications<\/li>\n<li>Einsatz von Geographischen Informationssystemen, SMALLWORLD, Manifold<\/li>\n<li>Website-Erstellung<\/li>\n<li>Raspberry-PI Programmierung, Python2<\/li>\n<\/ul>\n<h1>Bahntechnik:<\/h1>\n<ul>\n<li>Gute Kenntnisse der Bahninfrastrukturen, Techniken und Abl\u00e4ufe.<br \/>\n","protected":false},"excerpt":{"rendered":"<p>Schwerpunkte meiner Dienstleistungen: Akustik und Ersch\u00fctterungen: akustische Messungen mit geeichten Messger\u00e4ten der Klasse 1, Schallpegel LN, LEQ, Schallintensit\u00e4t, Frequenzanalysen, Schallquellenortung, Schallisolations-, Schallabsorptionsmessungen Modellierungen, Berechnungen und Beurteilungen von Emissionen und Immissionen. Entwicklung, Projektierung und Realisierung von Schutzmassnahmen Bauingenieurwesen: Statik (Beton-, Stahl- und Holzbau), Verkehrswesen, Ortsplanung, UVP, Baugesuche. Projektierungen, Bauleitungen, Submissionen, Baubegleitungen, Beratungen, Gutachten. Design CAD-Entw\u00fcrfe 3D-Druck [&hellip;]<\/p>\n","protected":false},"author":1,"featured_media":0,"parent":12,"menu_order":1,"comment_status":"open","ping_status":"closed","template":"","meta":[],"_links":{"self":[{"href":"https:\/\/zachconsulting.ch\/index.php?rest_route=\/wp\/v2\/pages\/4"}],"collection":[{"href":"https:\/\/zachconsulting.ch\/index.php?rest_route=\/wp\/v2\/pages"}],"about":[{"href":"https:\/\/zachconsulting.ch\/index.php?rest_route=\/wp\/v2\/types\/page"}],"author":[{"embeddable":true,"href":"https:\/\/zachconsulting.ch\/index.php?rest_route=\/wp\/v2\/users\/1"}],"replies":[{"embeddable":true,"href":"https:\/\/zachconsulting.ch\/index.php?rest_route=%2Fwp%2Fv2%2Fcomments&post=4"}],"version-history":[{"count":25,"href":"https:\/\/zachconsulting.ch\/index.php?rest_route=\/wp\/v2\/pages\/4\/revisions"}],"predecessor-version":[{"id":205,"href":"https:\/\/zachconsulting.ch\/index.php?rest_route=\/wp\/v2\/pages\/4\/revisions\/205"}],"up":[{"embeddable":true,"href":"https:\/\/zachconsulting.ch\/index.php?rest_route=\/wp\/v2\/pages\/12"}],"wp:attachment":[{"href":"https:\/\/zachconsulting.ch\/index.php?rest_route=%2Fwp%2Fv2%2Fmedia&parent=4"}],"curies":[{"name":"wp","href":"https:\/\/api.w.org\/{rel}","templated":true}]}}